(-106). What is the highest common factor of i and 26?
2
Suppose -6*k + 4*k = 3*k. Suppose k = -7*b + 198 + 138. Calculate the greatest common divisor of 12 and b.
12
Let s(m) = 2*m**2 + 9*m + 9. Let v be s(-7). Let b be 14 + (-6 - (6/(-15) - (-91)/(-35))). Calculate the highest common divisor of b and v.
11
Let s be (-2)/(-13) - (-267)/39. Suppose -4*d + s*d = 546. Let h = -116 + d. What is the highest common factor of 44 and h?
22
Let b(l) = -577*l**2 + 2*l + 7. Let w(s) = 289*s**2 - s - 4. Let j(i) = -3*b(i) - 5*w(i). Let a be j(-1). What is the highest common factor of a and 22?
22
Let u(n) = -n**3 - 12*n**2 - 8*n - 33. Let d be u(-12). Calculate the greatest common divisor of d and 21.
21
Let q = -80 - -85. Let k = 2 + 0. Calculate the greatest common factor of k and q.
1
Let w be 40/((-5)/(-810)*9). Calculate the greatest common factor of w and 54.
18
Let v(s) = -2*s + 4. Let h(b) = 3*b - 8. Let p(m) = -3*h(m) - 5*v(m). Let t be p(12). Let g be (1 + 1)*t/4. Calculate the highest common factor of g and 1.
1
Let m(n) = 6*n**3 - 7*n**2 + 5*n + 16. Let t be m(4). Calculate the greatest common divisor of t and 7.
7
Suppose -3*b + 7*b = 4*y - 324, 0 = -y - b + 77. Let w = y - 16. Suppose 5*l - w = 37. Calculate the greatest common factor of l and 8.
4
Suppose -55 = -5*u - 105. Let i be ((-608)/u)/2 + 3/5. What is the greatest common factor of i and 124?
31
Let r = -640 - -682. Calculate the highest common divisor of r and 18.
6
Suppose 0*k + 2*k + 5*a = 32, 5*k = -2*a + 59. Let p = k + -1. Let g be (-42)/(-8) - (-3)/(-12). What is the greatest common factor of g and p?
5
Suppose -3*i + 2*i = -3. Let k be -2*(i/6 - 0). Let b be 92 + -4 + (k - -1). Calculate the highest common factor of b and 11.
11
Let a = 10 + 14. Let f be ((-8)/(-12))/(2/(-24)). Let y = f + 16. Calculate the greatest common divisor of y and a.
8
Let h(n) = -n**2 + 26*n - 17. Let x be h(26). Let s = -16 - x. Calculate the greatest common factor of s and 2.
1
Let q(l) = l**2 + 13*l - 59. Let i be q(-17). Let g(c) = c**3 + 7*c**2 - 5*c - 3. Let j be g(-6). What is the greatest common divisor of i and j?
9
Let x be 9378/33 + 4/(-22). Suppose -5*r + x = -376. What is the highest common factor of r and 44?
44
Let p be (3/(-2))/(3435/(-860) - -4). Let y be (-4*(-4)/(-48))/(2/p). Calculate the greatest common factor of 344 and y.
43
Let s(z) = z**3 + 20*z**2 + 6*z + 42. Let o be s(-20). Let p = o - -206. What is the highest common divisor of 16 and p?
16
Let s be ((-2)/(-12))/(10/60). Let l(g) = 408*g**3 - 2*g**2 + 2*g - 1. Let t be l(s). Calculate the highest common divisor of t and 37.
37
Let i(p) = p**2 + 11*p + 7. Suppose -3*h = q + 22, -8*h = -2*q - 3*h - 11. Let u be i(q). What is the highest common factor of u and 429?
33
Suppose -152 + 920 = 8*z. Calculate the highest common factor of 192 and z.
96
Let z(o) = -o + 10. Let w be z(10). Suppose -r + k + 61 = 0, w*r + 55 = r + 5*k. What is the greatest common divisor of r and 15?
15
Let m(l) = l**2 + 14*l + 10. Let r be m(-12). Let n = -8 - r. Let d be n/(-30) + (-261)/(-5). What is the highest common factor of 130 and d?
26
Let h = 1368 - 1352. What is the highest common factor of 688 and h?
16
Suppose 583*s = 590*s - 189. Calculate the greatest common factor of s and 45.
9
Let d be (-1382)/(-12) - 13/78. What is the highest common divisor of 10 and d?
5
Let j = -273 - -384. Suppose 0 = -2*z - 4*q + 168, -11*q + 271 = 4*z - 16*q. Calculate the greatest common divisor of j and z.
37
Suppose -2*c - 11 = -67. Let i(y) = -y**3 - 9*y**2 - 16*y - 140. Let t be i(-9). Calculate the highest common factor of t and c.
4
Let i be (-11 - -14)*(-1 - 24/(-9)). Suppose 3*n - 105 = -3*z + 57, -2*n = -8. Let w be z - (3 + -1) - 3. What is the highest common divisor of w and i?
5
Let w = -17 - -22. Suppose 0 = -w*d - d + 66. What is the greatest common divisor of 55 and d?
11
Suppose 4*g - 13 + 9 = 0. Let m be g/(1/(-6))*(-3)/6. Suppose -h = -2*f + 45, 3*h - 11 = 2*f - 50. Calculate the greatest common divisor of f and m.
3
Let z = -94 + 168. Let w = z - 35. Let k = -28 + w. What is the highest common factor of 11 and k?
11
Suppose 0 = -4*i - 4*c + 52, 4*c + 13 + 31 = 4*i. Let h = 24 - i. What is the greatest common factor of h and 6?
6
Suppose 2*h - 25*u - 337 = -22*u, -h - 3*u + 191 = 0. Calculate the highest common divisor of h and 55.
11
Let s(a) = a**2 + 24*a - 62. Let y be s(4). Let q = -2 + 12. Calculate the greatest common factor of q and y.
10
Let u = 9 - 8. Suppose 4*a + u = 9, 2*a + 126 = 5*d. Calculate the highest common divisor of d and 26.
26
Let h = -47 - -53. Calculate the highest common divisor of 27 and h.
3
Let z be (-23)/(-2)*10/35*7. Suppose 0 = -3*u + z + 52. Calculate the greatest common divisor of u and 100.
25
Suppose -3*a = 3*w - 30, -18 = -5*w + 2*a - 3. Suppose -l = m - 16, -3*m - 9 = -w*l + 39. What is the highest common divisor of l and 18?
6
Suppose 0 = 2*x - 4. Suppose x*p + 25 = 93. Calculate the greatest common factor of 340 and p.
34
Let k = -5 - -9. Let x(q) = -q**3 + q**2 + 5*q - 8. Let m be x(3). Let l = 23 + m. Calculate the greatest common divisor of l and k.
4
Let i = 13 - 8. Suppose i*l - 3*p - 22 = 0, 2*l - p - 14 = -l. Suppose -5*q = 5*o - o - 80, q + l*o = -5. What is the highest common divisor of 50 and q?
10
Suppose -504*h + 512*h = 7000. Calculate the highest common factor of h and 70.
35
Let r = 77 + -131. Let d be r/(-36)*44/6. Let l(j) = j**3 + 5*j**2 + 2*j + 3. Let w be l(-2). What is the highest common divisor of w and d?
11
Let z(w) = w**2 + 4*w - 16. Let x be z(-9). Suppose x*f + 52 = 31*f. Calculate the highest common factor of f and 13.
13
Suppose -76 = 6*y - 172. Suppose 3*s + m - 7 = 0, -3*s + 2*m = -0*m - 4. Suppose -s*j = 3*j - 20. Calculate the highest common divisor of j and y.
4
Let k = 1329 - 449. What is the greatest common divisor of 40 and k?
40
Suppose -1137 = -9*k + 699. Let g be k/20 + (-2)/10 - -1. Suppose 4*r = 3*x - 272, x = 2*x + 3*r - 82. Calculate the highest common divisor of g and x.
11
Let g(d) = 2*d**2 - 6*d - 11. Let w be g(7). Calculate the greatest common divisor of 30 and w.
15
Let w = -1392 + 1522. What is the greatest common factor of 1105 and w?
65
Let n(w) = -16*w + 8. Let h be n(-6). What is the highest common divisor of 13 and h?
13
Let a = 21 - 13. Suppose -3*f - 75 = -a*f. Let o = f + -13. What is the highest common divisor of o and 8?
2
Suppose 87*o - 125 = -4*c + 90*o, 0 = -4*c + o + 119. What is the greatest common factor of c and 203?
29
Let b = 33 - 16. Let q(p) = p**2 + 2*p - 4. Let u be q(-4). Suppose u*l - 5*l + 34 = 0. What is the highest common divisor of b and l?
17
Let q be (-588)/(-18) - (-4)/(-6). Let v = 90 - 85. Suppose v*u - 30 = 5*x, x - 34 = -5*u + u. What is the highest common divisor of u and q?
8
Suppose i = t - 257, 3*t - 557 = -3*i + 238. What is the greatest common divisor of t and 18?
9
Suppose -o - 2*k - 679 = -6*o, -395 = -3*o - 5*k. Calculate the greatest common factor of o and 225.
45
Suppose -10 = -3*w + 32. Suppose -g = -16 - w. Calculate the greatest common divisor of g and 15.
15
Let u(q) = -q**3 - 8*q**2 + 46*q + 9. Let t be u(-13). Calculate the highest common factor of 112 and t.
16
Let i(c) = 4*c**2 - 3*c + 4. Let d be i(3). Suppose 112*s = 98*s + 1423 - 121. What is the greatest common divisor of s and d?
31
Let q = 1173 - 1153. Let t be 10*(3/(-6) + 2). Calculate the highest common factor of t and q.
5
Suppose 7*y - 1765 - 1049 = 0. Calculate the greatest common factor of y and 24.
6
Suppose -15 + 205 = 5*o. Let d(a) = a**2 + 7*a + 13. Let n be d(-11). What is the greatest common factor of o and n?
19
Suppose 0 = -3*m + 15 + 159. Calculate the highest common factor of 377 and m.
29
Let a be (11 + 923/(-91))*(-98)/(-6). Calculate the greatest common factor of 182 and a.
14
Suppose -g + 2*d - 1390 = -5*g, 5*d = -5. Suppose 0 = -j - 0*s - 2*s + 74, 5*j - s = g. Calculate the greatest common factor of 175 and j.
35
Suppose -2*r + r = 505. Let i be r/(15/(-3)) - -3. What is the highest common factor of i and 13?
13
Let t(d) = 43*d - 73. Let g be t(4). Calculate the greatest common divisor of g and 162.
9
Let u = 99 - 99. Let s be 10 - (u/2 + 0). Calculate the greatest common factor of 2 and s.
2
Let r(g) = 7*g - 16.